ed by o(i)?
22
Let i be ((-18)/4)/(-5 + (-116)/(-24)). Let m = i + -6. Suppose -4*a - 2*g = -328, -4*a - 5*g - 233 = -7*a. What is the remainder when a is divided by m?
18
What is the remainder when (92/138)/(1/(5409/6)) is divided by 86?
85
Let l = 442 - 391. What is the remainder when l is divided by 19?
13
Let d(x) = -2*x + 17. Let c be d(10). Let n(o) be the second derivative of o**4/4 + o**3/2 + o**2 - o. What is the remainder when n(c) is divided by 11?
9
Suppose k = 4*k - 93. Let r = k + -90. Let t = 118 + r. What is the remainder when t is divided by 31?
28
Let j(t) = -3*t - 2. Let f be j(2). Suppose 0 = -q - 0*q + 3. Calculate the remainder when (f/5)/(4/(-20)) is divided by q.
2
Suppose -8 = -4*d - 5*g + 17, -43 = -4*d + g. Suppose 2*m - 47 = 25. What is the remainder when m is divided by d?
6
Let y be ((-34)/(-8))/((-2)/(-176)). Suppose -3*k - 506 = -5*b + y, k = b - 178. Calculate the remainder when b/7 + (-8)/(-28) is divided by 7.
4
What is the remainder when 201 is divided by 6 - (9 + -78 + 7)?
65
Suppose 273 + 525 = 19*o. What is the remainder when o is divided by 14?
0
Let b(n) = 2*n**3 + 1 - 13*n - 15*n + 26*n + n**2. What is the remainder when b(3) is divided by 15?
13
Suppose -35 = -3*u + 5*z, -z + 29 - 8 = 5*u. Let s = 36 - -109. Suppose x + 3*n + 2*n - 35 = 0, 2*x = u*n + s. Calculate the remainder when x is divided by 21.
18
Let r be (4 - 0)*5*1. Suppose 4*o - o - 2*k = 10, 5*o + 4*k = -r. Suppose o*p = 5*p - 555. What is the remainder when p is divided by 28?
27
Let l = 726 + -634. What is the remainder when l is divided by 37?
18
Suppose -101 = -2*p - 5*c, -5*p + 2*c = -129 - 138. What is the remainder when p is divided by 11 + 0*(-4 - (-4 - -1))?
9
Let r = 9 + -5. Suppose 22*g = 17*g + 30. What is the remainder when g/2 - 4/(-1) is divided by r?
3
Suppose -h - 385 = -6*h. Suppose -i + 2*i - 26 = 0. Calculate the remainder when h is divided by i.
25
Let w(y) = 2*y**3 + 30*y**2 - 2*y + 53. Let q(z) = 28*z**2 - z - 1. What is the remainder when w(-15) is divided by q(-1)?
27
Let x be (-16)/8*2/(-4). Let o be (3/(-6))/(x/(-980)). What is the remainder when ((-16)/(-10))/(14/o) is divided by 29?
27
Suppose 22 = d - 14. Calculate the remainder when ((-264)/d)/((-2)/15) is divided by 20.
15
Let c(q) = 5*q**3 - 19*q**2 + 57*q + 10. Let k(i) = -i**3 + i**2 - i - 1. Let x(p) = -c(p) - 6*k(p). Calculate the remainder when x(-16) is divided by 24.
20
Suppose -t = -2*t + 84. Let f = -53 + t. Suppose -3*c + 5*v + 11 = -14, 5*c - f = 3*v. What is the remainder when 17 is divided by c?
2
Suppose 2712 = -12*g + 10644. What is the remainder when g is divided by 74?
69
Let j(f) = -2*f**3 + f**2 + 13*f. Let v be j(3). Let h = -16 - -48. Let p = h + v. What is the remainder when 103 is divided by p?
25
Suppose 0 = -y + 2*t + 175, -3*y + 501 = 16*t - 14*t. What is the remainder when y is divided by 85?
84
Let y = 0 + 2. Let i(p) = 12 + 0*p - 9 + p - 1. Calculate the remainder when 11 is divided by i(y).
3
Calculate the remainder when (203*(-3)/9)/(25/(-75)) is divided by 51.
50
Suppose -777 = -20*f + 323. Calculate the remainder when f is divided by 55.
0
Let v(x) = -15*x + 29. Calculate the remainder when 96 is divided by v(1).
12
Calculate the remainder when 41 - -12*6/(-12) is divided by 16.
3
Let t = -386 - -417. What is the remainder when t is divided by 26?
5
What is the remainder when (449/3)/((152/24)/19) is divided by 91?
85
Let m(d) = d**3 + 14*d**2 - 14*d + 31. Let b be m(-15). Suppose -15*a + b*a = 7. Calculate the remainder when (-3)/(-5) + 124/10 is divided by a.
6
Suppose 15*z - 48 = -4*y + 17*z, -2*z = 3*y - 43. What is the remainder when 347 is divided by y?
9
Let k(q) = 66*q - 98. What is the remainder when k(16) is divided by 8?
6
Let d = 24 - 16. What is the remainder when 13 is divided by d?
5
Let o(f) = 3*f + 31. Let u be o(-9). Suppose -u*g = -854 - 154. What is the remainder when g is divided by 51?
48
Let c = -13 - -47. Suppose o - 2*o + c = -3*r, 0 = -2*o + 2*r + 60. What is the remainder when o is divided by 17?
11
Let u(b) = -6*b**2 + 20. Let w be u(4). Let m = w - -84. Calculate the remainder when 13 is divided by m.
5
Let g = 17 + -10. Let x = -9 + g. What is the remainder when (-1)/(x - (-9)/6) is divided by 1?
0
Let n(b) = 11*b**2 - 3*b + 8. What is the remainder when n(4) is divided by 35?
32
Let d = -693 + 741. What is the remainder when 233 is divided by d?
41
Let x be (0 - -9) + 0/4. What is the remainder when ((-46)/3)/((-6)/x) is divided by 14?
9
Let c = -154 + -186. Let h = 485 + c. Calculate the remainder when h is divided by 21.
19
Let k(z) = 76*z - 41. Calculate the remainder when k(1) is divided by 24.
11
Let i(a) = -a**2 - 32*a - 149. Calculate the remainder when 451 is divided by i(-20).
87
Let p be (-10)/25 + 8/(-5). Let n be p/4*(-36)/6. Suppose 3*q = n*u - 18, u + 3 - 15 = 3*q. What is the remainder when 3 is divided by u?
0
Suppose 2*i - o - 3 = 15, -30 = -2*i + 4*o. Calculate the remainder when 7 is divided by i.
0
Let z(v) = 3*v**2 + 9*v + v**3 + 10*v**2 + 1 + 0 - 16. Calculate the remainder when (0 + 1)/(2/206) is divided by z(-12).
19
Suppose 13*k - 6*k = -3*k. Suppose -5*h + 223 + 37 = k. What is the remainder when h is divided by 9?
7
Let h(a) = a**2 - 4*a + 6. Let d(n) = -26*n - 353. What is the remainder when d(-17) is divided by h(6)?
17
Let l = -84 + 127. Let i = l - 24. What is the remainder when i is divided by 14?
5
Suppose 3 = -f, -44 = -5*c + 3*f - 0*f. Let m(k) = 5*k**2 + 0 - 4*k**2 + k**2 + 1. What is the remainder when c is divided by m(1)?
1
Let d(z) = -z - 7. Let x be d(-7). Suppose x = -s + 4*s - 234. What is the remainder when s is divided by 27?
24
Suppose -38 = -5*d + 21*o - 23*o, 24 = -4*o. Suppose -5*q + 72 = -5*v + 2*v, 3*q - 49 = -4*v. What is the remainder when q is divided by d?
5
Let k = -706 + 733. Let b = 6 + 8. Calculate the remainder when k is divided by b.
13
Suppose 5*y - 195 = -4*v, 2*y = -6*v + 5*v + 78. Calculate the remainder when y is divided by 15.
9
Suppose 5*y = 8*b - 5*b + 1471, 4*y - 4*b - 1172 = 0. What is the remainder when y is divided by 9?
8
Suppose 3*f - d - 19 + 1 = 0, -37 = -5*f + 4*d. Suppose -5*r + 47 = -5*j - 13, 0 = 4*r - f*j - 46. Calculate the remainder when 50 is divided by r.
8
Let u(l) = 11 + 37*l - 83*l + 45*l. Calculate the remainder when u(2) is divided by 2.
1
Let n be (-2)/(-9) - (-32550)/54. Let l = n - 417. Suppose 6*u - l = -0*u. What is the remainder when 121 is divided by u?
28
Let c(x) = x**2 + 2*x + 1. Let g(m) be the second derivative of -m**5/20 + 7*m**4/12 - 7*m**3/6 + 8*m. Calculate the remainder when g(5) is divided by c(-4).
6
Let i(b) = 5*b - 188. Calculate the remainder when 19 is divided by i(41).
2
Suppose -4*g - b = -314 + 45, 0 = 2*g - 4*b - 112. What is the remainder when 245 is divided by g?
47
Let s = 143 + -137. Let z(q) = 2*q**2 - 4*q - 1. What is the remainder when z(-4) is divided by s?
5
Let m = -1754 - -1767. Calculate the remainder when 75 is divided by m.
10
Let d(b) be the first derivative of b**2 + 19*b + 34. Let l(i) = -i**2 + 8*i + 4. Calculate the remainder when l(4) is divided by d(-6).
6
Suppose 0 = -5*n - 5*w + 200, -2*n + 3*n - 5*w = 58. What is the remainder when n is divided by (3 + 1 - 2) + (-88)/(-4)?
19
Suppose -9*z = -14*z. Suppose -141 = -4*i - 3*t, -2*i + 60 = -z*t - 2*t. Suppose 6 = 5*h - 54. Calculate the remainder when i is divided by h.
9
Suppose 4*q - 3 = 5. Suppose 4*x - 2 = q*x. Let p(t) = -t**3 + 5*t**2 - 3*t - 1. Calculate the remainder when p(4) is divided by x.
0
Calculate the remainder when 15/25 + 11/((-220)/(-688)) is divided by 17.
1
Suppose -41*m + 66*m - 6200 = 0. What is the remainder when m is divided by 12?
8
Suppose -32*s + 37*s - 25 = 0. Suppose -s*p + 10*p - 95 = 0. What is the remainder when p is divided by 11?
8
Suppose 30 = -14*s + 16*s + 4*k, -2*k = -2*s + 48. Let r(l) = -60*l**3 + 2*l**2 + l. Calculate the remainder when r(-1) is divided by s.
19
Let j(l) = 2*l**3 - l**3 + 43*l - 17*l**2 + 19 - 28*l. What is the remainder when j(17) is divided by 55?
54
What is the remainder when 128 is divided by 33*5*(-2)/72*-12?
18
Let u be (-9)/(-3) + (-21)/3. Let h be 2248/(-32) + (-1)/u. Calculate the remainder when (-2020)/h - (-2)/14 is divided by 16.
13